n 151 is divided by g?
1
Let i(y) = -1498*y - 2838. Calculate the remainder when 337 is divided by i(-2).
21
Let y = 9567 - 9542. What is the remainder when 2172 is divided by y?
22
Suppose -3*l = -51 + 36. Suppose 1019 = l*i - 3*k - 0*k, 3*i + 5*k = 591. Calculate the remainder when i is divided by 30.
22
Let a be (-10 - -4)/(-2)*-93. Let f = a - -298. Calculate the remainder when 244 is divided by f.
16
Suppose -13*n = 15*n - 20412. Suppose -19*f = 8*f - n. Calculate the remainder when 99 is divided by f.
18
Let l be 6/(-30) + (-881)/(-5). Suppose t - l = -t. Calculate the remainder when t is divided by (1 - 6)/(3 - (-59)/(-18)).
16
Let y = 1 - -12. What is the remainder when (-102)/((2 - -4)/2*136/(-204)) is divided by y?
12
Let b = 8256 + -8246. What is the remainder when 6955 is divided by b?
5
Let y = 4758 - 4692. Calculate the remainder when 386 is divided by y.
56
Let y be (-3201)/(-77) + (-4)/7. Suppose -118 = -5*g - 4*v, y*g + 5*v = 37*g + 98. Calculate the remainder when 130 is divided by g.
20
Suppose -6*x + x + 115 = 5*p, 3*p + x - 67 = 0. What is the remainder when 5/(-55) - (-5 - 1764/44) is divided by p?
1
Let n(p) = -19*p**2 + 362*p + 21. Calculate the remainder when n(18) is divided by 198.
183
Let b = 48 - 38. Suppose -6*m = -b*m + 12. Calculate the remainder when 1/((-4)/(-1068)*m) is divided by 15.
14
Calculate the remainder when (14/(-14))/(280/95 - 3)*31 is divided by 190.
19
Suppose -3333 = -19*i + 30. What is the remainder when i is divided by 12?
9
Let h = 1802 - 1632. Suppose -14*z - 124 = -18*z. Calculate the remainder when h is divided by z.
15
What is the remainder when 204 is divided by (-8)/((-56)/(-3)) + 14628/322?
24
Suppose x + 2615 = -3*a + 445, 4*x = 2*a + 1456. Let z = -244 - a. Suppose 3*v + 3*v = z. Calculate the remainder when v is divided by 9.
8
Suppose 21*h = 28*h - 1820. Suppose -128 = -2*w + h. What is the remainder when w is divided by 7?
5
Let d = 105 + -103. Suppose -2*q - 21 = d*g - 119, -5*q = 4*g - 240. Suppose -39*u = -q*u + 690. What is the remainder when u is divided by 20?
18
Calculate the remainder when ((-387)/9 - 2)/(-1) + 3 is divided by 39.
9
Suppose -2223 = 13*v - 4654. Calculate the remainder when 713 is divided by v.
152
Suppose 2*y + 2*y = -w + 206, w - 205 = -5*y. Suppose 2*c + 3*j + 0 = 13, 4*c - 28 = -4*j. What is the remainder when 30/4*w/63 is divided by c?
1
Let l(r) = -11*r - 2. Let p be (18/(-15))/((-8)/(-20)). Suppose -1157 = -m - 12*m. Calculate the remainder when m is divided by l(p).
27
Suppose -21089 - 2609 = -60*n + 6902. What is the remainder when 2552 is divided by n?
2
Suppose -3*j = 8*d - 5*d - 366, -j = -4*d + 473. Calculate the remainder when 1430 is divided by d.
2
Let f = 14630 + -14541. Calculate the remainder when 310 is divided by f.
43
Suppose 0 = -9*r - r + 100. Let h(g) = 343*g + 2519. Calculate the remainder when h(-7) is divided by r.
8
Let c(m) = -31*m**3 + m**2 - 1. Suppose 88 = 17*i + 105. Calculate the remainder when 176 is divided by c(i).
21
Suppose l + 665 = 6*l. Suppose 48*q = 43*q - 635. Let u = l + q. Calculate the remainder when 14 is divided by u.
2
Let z be (23 - -2) + -1 + 0. Let o(g) = -618*g - 1240. Let c be o(-2). Calculate the remainder when 27 is divided by z/(-5 + (-26)/c).
11
Let j(k) = -2*k**2 - 40*k - 165. Let u be j(-4). Let q(a) = -a**2 - 42*a - 166. Calculate the remainder when 339 is divided by q(u).
16
Let v = -120 + 249. Calculate the remainder when v is divided by 112.
17
Let g(s) be the first derivative of -s**4/4 + 10*s**3/3 - s**2 - 15*s - 10. Let i be g(8). Let j = i - 83. What is the remainder when 25 is divided by j?
11
Suppose -7*v + 1374 + 2651 = 0. Let u = -547 + v. What is the remainder when u is divided by 20?
8
Let g(u) = -u**3 - 10*u**2 - 2*u + 13. Calculate the remainder when g(-10) is divided by 48/44 - (-2272)/781.
1
Suppose 36 = 16*i - 76. Let l = -9 - -39. Calculate the remainder when ((-2 + 1)*i)/((-1)/17) is divided by l.
29
Let s(m) = -12*m + 42. Let k be s(-10). Suppose 5*i - k = -4*i. Suppose -5*u - 2*q = -63, 4*q + 39 = -4*u + 9*u. What is the remainder when i is divided by u?
7
Let p(q) = -q + 4. Let i be p(-5). Suppose 2*u = 5*u - i. Let s = -16602 + 16631. What is the remainder when s is divided by u?
2
Let o(q) = -q + 9. Let w be o(6). Suppose 0 = -y - 5*c + 37, c + 8 = -w*c. Let i = 296964 - 296945. Calculate the remainder when y is divided by i.
9
Let x(m) = m**2 - 7*m - 14. Let c be x(9). Suppose 5*d = 3*z - 107, -7*d + 131 = c*z - 2*d. Calculate the remainder when 133 is divided by z.
31
Calculate the remainder when 24970/16 + (-2739)/(-7304) is divided by 17.
14
Suppose 40 = -5*x + 85. What is the remainder when 3688 is divided by x?
7
Suppose -k + 3 = 0, -s - 3 - 2 = -3*k. Let t(d) = 4*d**2 - 23*d + 42. What is the remainder when 122 is divided by t(s)?
10
Let s = 1829 + -1794. What is the remainder when 314 is divided by s?
34
What is the remainder when 747 is divided by -14 + 14 + 24 - (0 + -2)?
19
Let w = -18 - -22. Suppose -63 = -w*q + q. Calculate the remainder when q is divided by 20.
1
Suppose g - 47 = -0*g - f, -3*g = -4*f - 169. Suppose 25*b - 1200 = 15*b. Let k = -106 + b. Calculate the remainder when g is divided by k.
9
Let j = 288 + -281. Suppose -692 = -j*w + 197. Calculate the remainder when w is divided by 33.
28
Let q be (4 - 5 - 3)*7/14. What is the remainder when 14 is divided by (5 - (-12)/q)*-6?
2
Let a = -564 - -1066. Suppose 318 - 379 = -3*d + i, 5*d - 5*i = 65. Calculate the remainder when a is divided by d.
22
Suppose 4*d = 2*b - 16918, -4055*b + 3*d - 42191 = -4060*b. What is the remainder when b is divided by 103?
100
Let o(c) be the first derivative of 13*c**4/2 - c**3 + 4*c**2 + 6*c - 194. Calculate the remainder when o(2) is divided by 47.
30
Let x be (-2)/26*-4*(-377)/(-58). Suppose 2*a = -6, 0*a - 2*a + 80 = x*o. What is the remainder when 114 is divided by o?
28
Suppose -3*f + 20 = 5*m - 70, -m - 3*f = -6. Suppose h = m*h - 580. Calculate the remainder when h is divided by 8.
5
Suppose 0 = -2*b + 2, 4*r + 54 = -2*b - 0*b. Let m = 56 - r. Suppose 52*f - 432 = 40*f. Calculate the remainder when m is divided by f.
34
Let s be 3*2/(-15) + (-1272)/(-30). Let q = 89 - s. Let p = -21 + q. Calculate the remainder when 48 is divided by p.
22
Calculate the remainder when -6*2139/(-9) + -3 is divided by 16.
15
Let q(w) = -33*w - 713. Calculate the remainder when 71 is divided by q(-22).
6
Suppose -2 = 2*d, 0 = 7*v - 5*v + 4*d - 84. Suppose -3*g + 2*a + 36 - 9 = 0, -4*g + 36 = 2*a. Calculate the remainder when v is divided by g.
8
Suppose -1663 = -6*l + 11741. Calculate the remainder when l is divided by 43.
41
What is the remainder when (78/(-390) - (-7)/10)/((-3)/(-2238)) is divided by 39?
22
Calculate the remainder when 1211 is divided by 2*(-24)/(-84) - (-25356)/21.
3
What is the remainder when (-707832)/464*(2 - 4) is divided by 1012?
15
Let k(h) = -h**2 - 9*h + 73. Let l be k(-14). Suppose 4*a - 91 = -l*a. What is the remainder when 401 is divided by a?
11
Let i(m) = -m**3 - 36*m**2 - 152*m + 288. Calculate the remainder when i(-31) is divided by 51.
42
What is the remainder when (-5)/((-140)/8268) + (-4)/14 is divided by 30?
25
Calculate the remainder when 1450 is divided by (-2184)/((-20)/(-5))*(-31)/93.
176
Let d(m) = -23*m - 5. Let w(b) = 11*b + 2. Let h(j) = -2*d(j) - 5*w(j). Let l(o) = 2*o**2 + 40*o - 37. What is the remainder when h(-2) is divided by l(-21)?
3
Suppose -7*k = -952 - 42. What is the remainder when 27 is divided by (-16)/(-20) + k/10?
12
Suppose 4*b + 18 = 34. Suppose -o + 58 = 5*t, 109 + 77 = b*o - 3*t. Calculate the remainder when o is divided by 25.
23
Let l = 56 + -27. Suppose -2*h = -3*h + l. Let c(j) = j**3 + 9*j**2 - 9*j + 6. What is the remainder when c(-8) is divided by h?
26
Let b be ((-34)/4)/(9/6 + -1). Let w = b + 7. Let t = 31 - w. Calculate the remainder when t is divided by 7.
6
Suppose 2*b + 5*q + 4 = 47, 3 = -3*q. Suppose 12*x + b = 4*x. Calculate the remainder when 33 is divided by -5 - (-24)/3 - 27/x.
9
Let w(u) = -u**2 + 8*u - 1. Let m be w(8). Let n be (-9)/18*6/m. Suppose 0 = -4*k - 12, -6 = n*b + 3*k - 30. Calculate the remainder when b is divided by 5.
1
Let o = 281 - -291. Suppose 24*f + o = 35*f. What is the 